is divided by 23.
22
What is the remainder when 6533925 is divided by 816714?
213
Calculate the remainder when 6415195 is divided by 39117.
7
What is the remainder when 5883296 is divided by 881?
859
Calculate the remainder when 73474 is divided by 1329.
379
Calculate the remainder when 505284 is divided by 1133.
1099
Calculate the remainder when 17851 is divided by 7438.
2975
Calculate the remainder when 6803590 is divided by 23.
6
Calculate the remainder when 3343448 is divided by 503.
7
What is the remainder when 4754 is divided by 2291?
172
What is the remainder when 125955 is divided by 210?
165
What is the remainder when 3371150 is divided by 534?
8
Calculate the remainder when 47615 is divided by 15749.
368
Calculate the remainder when 645902 is divided by 132.
26
Calculate the remainder when 1884207 is divided by 1238.
1209
What is the remainder when 11180820 is divided by 663?
651
Calculate the remainder when 654437 is divided by 188.
9
What is the remainder when 21153031 is divided by 768?
7
Calculate the remainder when 2702690 is divided by 351.
341
Calculate the remainder when 262140 is divided by 262135.
5
Calculate the remainder when 33303477 is divided by 669.
657
What is the remainder when 4141624 is divided by 3381?
3280
Calculate the remainder when 95285 is divided by 13439.
1212
Calculate the remainder when 2306459 is divided by 21356.
11
Calculate the remainder when 8817052 is divided by 16761.
766
Calculate the remainder when 477626 is divided by 474926.
2700
What is the remainder when 2236384 is divided by 117704?
8
What is the remainder when 76629 is divided by 12707?
387
Calculate the remainder when 895919 is divided by 447952.
15
What is the remainder when 56760 is divided by 64?
56
Calculate the remainder when 2367259 is divided by 559.
453
Calculate the remainder when 542340 is divided by 2443.
2437
Calculate the remainder when 1959348 is divided by 115255.
13
What is the remainder when 206953246 is divided by 68984411?
13
Calculate the remainder when 58003 is divided by 47660.
10343
Calculate the remainder when 5235443 is divided by 1157.
18
Calculate the remainder when 11067939 is divided by 206.
177
Calculate the remainder when 101785885 is divided by 19.
16
What is the remainder when 2871391722 is divided by 83?
82
Calculate the remainder when 6466039 is divided by 12041.
22
What is the remainder when 63723 is divided by 163?
153
Calculate the remainder when 311053 is divided by 310961.
92
What is the remainder when 922671 is divided by 2714?
2625
What is the remainder when 1494838 is divided by 1494745?
93
Calculate the remainder when 309846 is divided by 5296.
2678
Calculate the remainder when 28215041 is divided by 332.
21
Calculate the remainder when 3829020 is divided by 12513.
42
Calculate the remainder when 2868667 is divided by 168745.
2
Calculate the remainder when 392188 is divided by 383.
379
Calculate the remainder when 2213534 is divided by 2213487.
47
What is the remainder when 304292 is divided by 2083?
174
Calculate the remainder when 28989794 is divided by 69.
65
Calculate the remainder when 492317 is divided by 41017.
113
Calculate the remainder when 216001 is divided by 1791.
1081
Calculate the remainder when 12656256 is divided by 10.
6
What is the remainder when 2613749 is divided by 556?
549
What is the remainder when 164622 is divided by 1697?
13
Calculate the remainder when 8140598 is divided by 124.
122
What is the remainder when 3024968 is divided by 333?
329
Calculate the remainder when 8721174 is divided by 964.
830
Calculate the remainder when 1935934 is divided by 235.
4
What is the remainder when 1905387 is divided by 238169?
35
What is the remainder when 721081199 is divided by 1050?
1049
Calculate the remainder when 4494620 is divided by 133.
18
Calculate the remainder when 8430 is divided by 4866.
3564
Calculate the remainder when 126059 is divided by 1257.
359
What is the remainder when 21689332 is divided by 2568?
4
What is the remainder when 10100207 is divided by 170?
167
What is the remainder when 12188 is divided by 5783?
622
Calculate the remainder when 67225 is divided by 2814.
2503
What is the remainder when 576506 is divided by 288245?
16
Calculate the remainder when 6514073 is divided by 1026.
1025
Calculate the remainder when 959710 is divided by 8.
6
Calculate the remainder when 37855 is divided by 35098.
2757
Calculate the remainder when 11714706 is divided by 1464338.
2
What is the remainder when 1038537 is divided by 259332?
1209
What is the remainder when 1005444 is divided by 502721?
2
Calculate the remainder when 10555321 is divided by 249.
211
What is the remainder when 133926 is divided by 133897?
29
What is the remainder when 474064 is divided by 9674?
38
What is the remainder when 1786335 is divided by 148778?
999
Calculate the remainder when 7451151 is divided by 2352.
15
Calculate the remainder when 38998 is divided by 2988.
154
Calculate the remainder when 28795099 is divided by 2617727.
102
What is the remainder when 86435 is divided by 21598?
43
What is the remainder when 13347171 is divided by 278066?
3
Calculate the remainder when 8627201 is divided by 331807.
219
Calculate the remainder when 16689458 is divided by 289.
286
What is the remainder when 102211 is divided by 1773?
1150
Calculate the remainder when 567407 is divided by 1813.
1751
Calculate the remainder when 220149 is divided by 2184.
1749
What is the remainder when 1629352 is divided by 120?
112
Calculate the remainder when 3324502 is divided by 1669.
1523
Calculate the remainder when 16787066 is divided by 301.
296
What is the remainder when 960666 is divided by 114?
102
What is the remainder when 40164071 is divided by 174?
173
Calculate the remainder when 12195680 is divided by 17.
16
What is the remainder when 1097406 is divided by 219?
216
What is the remainder when 1343729 is divided by 1075?
1054
Calculate the remainder when 47119 is divided by 4703.
89
What is the remainder when 1550716 is divided by 159?
148
Calculate the remainder when 2052107509 is divided by 9802.
9799
Calculate the remainder when 3999770 is divided by 352.
346
What is the remainder when 863392 is divided by 143838?
364
Calculate the remainder when 7402995 is divided by 110.
105
Calculate the remainder when 12466577 is divided by 980.
977
What is the remainder when 1925649 is divided by 1218?
1209
What is the remainder when 3206247 is divided by 782?
47
What is the remainder when 41566625 is divided by 106?
103
What is the remainder when 65563342 is divided by 43?
38
Calculate the remainder when 1554809 is divided by 1177.
1169
Calculate the remainder when 109605270 is divided by 54802624.
22
Calculate the remainder when 1966747 is divided by 280.
27
What is the remainder when 4019467 is divided by 204?
55
What is the remainder when 51242 is divided by 50233?
1009
Calculate the remainder when 184569 is divided by 60324.
3597
What is the remainder when 92295 is divided by 23066?
31
What is the remainder when 2676354 is divided by 3759?
3705
What is the remainder when 5100751 is divided by 76?
11
Calculate the remainder when 874094 is divided by 436871.
352
Calculate the remainder when 233244 is divided by 2912.
284
What is the remainder when 2550195 is divided by 23?
1
Calculate the remainder when 2936564 is divided by 25759.
38
Calculate the remainder when 8117726 is divided by 29519.
1
Calculate the remainder when 8899 is divided by 983.
52
What is the remainder when 344487 is divided by 85851?
1083
Calculate the remainder when 15113046 is divided by 25.
21
Calculate the remainder when 169676438 is divided by 141.
140
What is the remainder when 664274 is divided by 2237?
2122
Calculate the remainder when 2479203 is divided by 6473.
44
What is the remainder when 8589931 is divided by 505282?
137
Calculate the remainder when 337299 is divided by 108529.
11712
Calculate the remainder when 2970060 is divided by 75.
60
What is the remainder when 6748842 is divided by 109?
107
Calculate the remainder when 1671901 is divided by 2705.
211
Calculate the remainder when 120695 is divided by 1050.
995
What is the remainder when 427946 is divided by 12?
2
Calculate the remainder when 6459709 is divided by 146.
85
Ca